{"id":215,"date":"2023-10-15T10:07:27","date_gmt":"2023-10-15T10:07:27","guid":{"rendered":"https:\/\/www.bellamassage.fi\/?page_id=215"},"modified":"2026-03-30T17:55:57","modified_gmt":"2026-03-30T17:55:57","slug":"tarjoukset","status":"publish","type":"page","link":"https:\/\/www.bellamassage.fi\/index.php\/tarjoukset\/","title":{"rendered":"Tarjoukset"},"content":{"rendered":"\n<p class=\"has-text-align-center\">Juhlat jatkuvat my\u00f6s vuonna 2026\ud83c\udf89; t\u00e4ll\u00e4 kertaa onnittelemme huhtikuussa syntyneit\u00e4.\ud83e\udd42\ud83c\udf82<\/p>\n\n\n\n<p class=\"has-text-align-center\">Suosittu syntt\u00e4rikampanjamme voimassa taas koko huhtikuun ajan. Yksi tunnin hieronta asiakkaan syntt\u00e4riviikolla vain 45 eur.<\/p>\n\n\n\n<p class=\"has-text-align-center\">Varaa aikasi jo nyt. \ud83e\udd70www.bellamassage.fi tai https:\/\/varaa.timma.fi\/bellamassage ja seuraa meit\u00e4 Facessa ja Instassa, niin saat kampanjatiedot ensimm\u00e4isten joukossa.<\/p>\n\n\n\n<p class=\"has-text-align-center\"><\/p>\n\n\n\n<p class=\"has-text-align-center\"><\/p>\n\n\n<div class=\"wp-block-image\">\n<figure class=\"aligncenter size-full\"><img loading=\"lazy\" decoding=\"async\" width=\"571\" height=\"696\" src=\"https:\/\/www.bellamassage.fi\/wp-content\/uploads\/2026\/03\/Synttarispecial-4_2026.jpg\" alt=\"\" class=\"wp-image-801\" srcset=\"https:\/\/www.bellamassage.fi\/wp-content\/uploads\/2026\/03\/Synttarispecial-4_2026.jpg 571w, https:\/\/www.bellamassage.fi\/wp-content\/uploads\/2026\/03\/Synttarispecial-4_2026-246x300.jpg 246w\" sizes=\"auto, (max-width: 571px) 100vw, 571px\" \/><\/figure><\/div>\n\n\n<p class=\"has-text-align-center\">\ud83d\ude22<strong>VUODENVAIHDE TUO PIENEN MUUTOKSEN <\/strong><\/p>\n\n\n\n<p class=\"has-text-align-center\"><strong>BELLA MASSAGEN EDULLISIIN KAMPANJAHINTOIHIN<\/strong> \ud83d\ude22<\/p>\n\n\n\n<p class=\"has-text-align-center\"><strong>Kustannusten kasvaessa joudumme nostamaan kampanjahintojamme viidell\u00e4 eurolla. Perushinnat ovat edelleen samat kuin aloittaessamme 1.7.2023.<\/strong><\/p>\n\n\n\n<p class=\"has-text-align-center\"><strong>Kaikki tunnin hieronnat nyt vain 55 eur. Ei rajoituksia. Kampanja voimassa my\u00f6s palveluseteleill\u00e4.<\/strong><\/p>\n\n\n\n<p class=\"has-text-align-center\"><strong>Varaa omasi jo nyt www.bellamassage.fi tai https:\/\/timma.fi\/yritys\/bella-massage ja seuraa meit\u00e4 Facessa ja Instassa, niin saat kampanjatiedot ensimm\u00e4isten joukossa.<\/strong><\/p>\n\n\n\n<p class=\"has-text-align-center\"><strong>\ud83d\ude0d\ud83d\ude0dTule vaikka joka p\u00e4iv\u00e4.\ud83d\ude0d\ud83d\ude0d<\/strong><\/p>\n\n\n<div class=\"wp-block-image\">\n<figure class=\"aligncenter size-full\"><img loading=\"lazy\" decoding=\"async\" width=\"591\" height=\"703\" src=\"https:\/\/www.bellamassage.fi\/wp-content\/uploads\/2026\/02\/Peruskampanja-2026-vakio.jpg\" alt=\"\" class=\"wp-image-781\" srcset=\"https:\/\/www.bellamassage.fi\/wp-content\/uploads\/2026\/02\/Peruskampanja-2026-vakio.jpg 591w, https:\/\/www.bellamassage.fi\/wp-content\/uploads\/2026\/02\/Peruskampanja-2026-vakio-252x300.jpg 252w\" sizes=\"auto, (max-width: 591px) 100vw, 591px\" \/><\/figure><\/div>\n\n\n<p><\/p>\n\n\n\n<p class=\"has-text-align-center\"><strong>Vuosivaihtuu, mutta juhlat jatkuvat\ud83c\udf89; t\u00e4ll\u00e4 kertaa onnittelemme helmikuussa syntyneit\u00e4.\ud83e\udd42\ud83c\udf82<\/strong><\/p>\n\n\n\n<p>Suosittu syntt\u00e4rikampanjamme voimassa taas koko helmikuun ajan. Yksi tunnin hieronta asiakkaan syntt\u00e4riviikolla vain 45 eur. Varaa aikasi jo nyt. \ud83e\udd70www.bellamassage.fi tai https:\/\/varaa.timma.fi\/bellamassage ja seuraa meit\u00e4 Facessa ja Instassa, niin saat kampanjatiedot ensimm\u00e4isten joukossa.<\/p>\n\n\n\n<p class=\"has-text-align-center\"><strong>Kampanja nyt voimassa my\u00f6s maksettaessa urheiluhierontaa palvelueduilla.<\/strong><\/p>\n\n\n<div class=\"wp-block-image\">\n<figure class=\"aligncenter size-full\"><img loading=\"lazy\" decoding=\"async\" width=\"589\" height=\"706\" src=\"https:\/\/www.bellamassage.fi\/wp-content\/uploads\/2026\/02\/Synttarispecial-2_2026.jpg\" alt=\"\" class=\"wp-image-779\" srcset=\"https:\/\/www.bellamassage.fi\/wp-content\/uploads\/2026\/02\/Synttarispecial-2_2026.jpg 589w, https:\/\/www.bellamassage.fi\/wp-content\/uploads\/2026\/02\/Synttarispecial-2_2026-250x300.jpg 250w\" sizes=\"auto, (max-width: 589px) 100vw, 589px\" \/><\/figure><\/div>\n\n\n<div class=\"wp-block-columns is-layout-flex wp-container-core-columns-is-layout-1 wp-block-columns-is-layout-flex\">\n<div class=\"wp-block-column is-layout-flow wp-block-column-is-layout-flow\">\n<p><\/p>\n\n\n\n<p><strong>\ud83c\udf89\ud83c\udf89\ud83c\udf89BLACK WEEK -SPECIAL \ud83c\udf89\ud83c\udf89\ud83c\udf89<\/strong><\/p>\n\n\n\n<p><strong>Kampanja-aikana ma-la 24.-29.11.2025 kaikki tunnin hieronnat vain 45 eur. Ei rajoituksia. Kampanja voimassa my\u00f6s palveluseteleill\u00e4.<\/strong><\/p>\n\n\n\n<p><strong>Varaa omasi jo nyt www.bellamassage.fi tai https:\/\/timma.fi\/yritys\/bella-massage<\/strong><\/p>\n\n\n\n<p><strong>\ud83d\ude0d\ud83d\ude0dTervetuloa Bellaan\ud83d\ude0d\ud83d\ude0d<\/strong><\/p>\n\n\n\n<p><\/p>\n\n\n\n<p><\/p>\n\n\n\n<p><\/p>\n\n\n\n<p><\/p>\n\n\n\n<p><\/p>\n<\/div>\n\n\n\n<div class=\"wp-block-column is-layout-flow wp-block-column-is-layout-flow\">\n<figure class=\"wp-block-image size-full is-resized\"><img loading=\"lazy\" decoding=\"async\" width=\"709\" height=\"808\" src=\"https:\/\/www.bellamassage.fi\/wp-content\/uploads\/2025\/11\/BlackWeek-2025-1.jpg\" alt=\"\" class=\"wp-image-756\" style=\"width:389px;height:auto\" srcset=\"https:\/\/www.bellamassage.fi\/wp-content\/uploads\/2025\/11\/BlackWeek-2025-1.jpg 709w, https:\/\/www.bellamassage.fi\/wp-content\/uploads\/2025\/11\/BlackWeek-2025-1-263x300.jpg 263w\" sizes=\"auto, (max-width: 709px) 100vw, 709px\" \/><\/figure>\n<\/div>\n<\/div>\n\n\n\n<div class=\"wp-block-columns is-layout-flex wp-container-core-columns-is-layout-2 wp-block-columns-is-layout-flex\">\n<div class=\"wp-block-column is-layout-flow wp-block-column-is-layout-flow\">\n<p>Kellot siirrettiin jo talviaikaan, mutta Bellassa juhlitaan edelleen\ud83c\udf89; t\u00e4ll\u00e4 kertaa onnittelemme marraskuussa syntyneit\u00e4.\ud83e\udd42\ud83c\udf82<\/p>\n\n\n\n<p>Suosittu syntt\u00e4rikampanjamme voimassa taas koko marraskuun ajan. Yksi tunnin hieronta asiakkaan syntt\u00e4riviikolla vain 40 eur. Varaa aikasi jo nyt. \ud83e\udd70www.bellamassage.fi tai https:\/\/varaa.timma.fi\/bellamassage ja seuraa meit\u00e4 Facessa ja Instassa, niin saat kampanjatiedot ensimm\u00e4isten joukossa.<\/p>\n\n\n\n<p>Kampanja nyt voimassa my\u00f6s maksettaessa urheiluhierontaa palvelueduilla.<\/p>\n\n\n\n<p><\/p>\n\n\n\n<p class=\"has-text-align-center\">*****<\/p>\n\n\n\n<p class=\"has-text-align-center\"> &#8217;<\/p>\n\n\n\n<p class=\"has-text-align-center\">&#8217;<\/p>\n\n\n\n<p class=\"has-text-align-center\">&#8217;<\/p>\n\n\n\n<p class=\"has-text-align-center\">&#8217;<\/p>\n\n\n\n<p><\/p>\n\n\n\n<p><\/p>\n\n\n\n<p class=\"has-text-align-center\"><strong>Nyt sit\u00e4 vasta juhlitaankin\ud83c\udf89; Bella Massage t\u00e4ytt\u00e4\u00e4 maanantaina 2 vuotta\ud83e\udd42\ud83c\udf82 No HUH HUH<\/strong><\/p>\n\n\n\n<p class=\"has-text-align-center\">S<strong>yntt\u00e4rien kunniaksi koko syntt\u00e4riviikon ma-la 7.-12.7. KAIKKI TUNNIN HIERONNAT VAIN 45 eur. Varaa aikasi jo nyt. \ud83e\udd70www.bellamassage.fi tai https:\/\/varaa.timma.fi\/bellamassage ja seuraa meit\u00e4 Facessa ja Instassa, niin saat kampanjatiedot ensimm\u00e4isten joukossa.<\/strong><\/p>\n\n\n\n<p class=\"has-text-align-center\">Kampanja voimassa my\u00f6s maksettaessa urheiluhierontaa palvelueduilla.<\/p>\n\n\n\n<p class=\"has-text-align-center\">Ennen syntt\u00e4reit\u00e4, huilaamme hieman ja olemme suljettuina pe-su 4.-6.7.2025<\/p>\n\n\n<div class=\"wp-block-image\">\n<figure class=\"aligncenter size-full is-resized\"><img loading=\"lazy\" decoding=\"async\" width=\"648\" height=\"772\" src=\"https:\/\/www.bellamassage.fi\/wp-content\/uploads\/2025\/07\/Bellan-2-v-synttarit.jpg\" alt=\"\" class=\"wp-image-706\" style=\"width:648px;height:auto\" srcset=\"https:\/\/www.bellamassage.fi\/wp-content\/uploads\/2025\/07\/Bellan-2-v-synttarit.jpg 648w, https:\/\/www.bellamassage.fi\/wp-content\/uploads\/2025\/07\/Bellan-2-v-synttarit-252x300.jpg 252w\" sizes=\"auto, (max-width: 648px) 100vw, 648px\" \/><\/figure><\/div><\/div>\n\n\n\n<div class=\"wp-block-column is-layout-flow wp-block-column-is-layout-flow\">\n<figure class=\"wp-block-image size-full is-resized\"><img loading=\"lazy\" decoding=\"async\" width=\"703\" height=\"769\" src=\"https:\/\/www.bellamassage.fi\/wp-content\/uploads\/2025\/10\/Synttarispecial-11_2025.jpg\" alt=\"\" class=\"wp-image-746\" style=\"width:412px;height:auto\" srcset=\"https:\/\/www.bellamassage.fi\/wp-content\/uploads\/2025\/10\/Synttarispecial-11_2025.jpg 703w, https:\/\/www.bellamassage.fi\/wp-content\/uploads\/2025\/10\/Synttarispecial-11_2025-274x300.jpg 274w\" sizes=\"auto, (max-width: 703px) 100vw, 703px\" \/><\/figure>\n<\/div>\n<\/div>\n\n\n\n<p class=\"has-text-align-center\">\ud83e\udd42\ud83c\udf89\ud83c\udf82JUHANNUS-SPECIAL \ud83e\udd42\ud83c\udf89\ud83c\udf82<\/p>\n\n\n\n<p class=\"has-text-align-center\">Kampanja-aikana ke-to 18.-19.6.2025 kaikki tunnin hieronnat vain 45 eur. Ei rajoituksia. Kampanja voimassa my\u00f6s palveluseteleill\u00e4.<\/p>\n\n\n\n<p class=\"has-text-align-center\">Varaa omasi jo nyt www.bellamassage.fi tai https:\/\/timma.fi\/yritys\/bella-massage<\/p>\n\n\n\n<p class=\"has-text-align-center\">Juhannuksena pe-su 20.-22.5. Bella Massage on suljettu ja toivottaa<\/p>\n\n\n\n<p class=\"has-text-align-center\">\ud83d\ude0d\ud83d\ude0dHyv\u00e4\u00e4 Juhannusta kaikille.\ud83d\ude0d\ud83d\ude0d<\/p>\n\n\n<div class=\"wp-block-image\">\n<figure class=\"aligncenter size-full\"><img loading=\"lazy\" decoding=\"async\" width=\"582\" height=\"678\" src=\"https:\/\/www.bellamassage.fi\/wp-content\/uploads\/2025\/06\/Juhannus-2025-1.jpg\" alt=\"\" class=\"wp-image-689\" srcset=\"https:\/\/www.bellamassage.fi\/wp-content\/uploads\/2025\/06\/Juhannus-2025-1.jpg 582w, https:\/\/www.bellamassage.fi\/wp-content\/uploads\/2025\/06\/Juhannus-2025-1-258x300.jpg 258w\" sizes=\"auto, (max-width: 582px) 100vw, 582px\" \/><\/figure><\/div>\n\n\n<p><\/p>\n\n\n\n<p class=\"has-text-align-center\">\ud83e\udd42\ud83c\udf89\ud83c\udf82KEV\u00c4\u00c4N MUUTTUMISTA KES\u00c4KSI JUHLISTETAAN BELLASSA HELATORSTAI SPECIAALILLA \ud83e\udd42\ud83c\udf89\ud83c\udf82<\/p>\n\n\n\n<p class=\"has-text-align-center\">Kampanja-aikana to-la 29.-31.5.2025 kaikki tunnin hieronnat vain 45 eur. Ei rajoituksia. Kampanja voimassa my\u00f6s palveluseteleill\u00e4.<\/p>\n\n\n\n<p class=\"has-text-align-center\">Varaa omasi jo nyt www.bellamassage.fi tai https:\/\/timma.fi\/yritys\/bella-massage<\/p>\n\n\n\n<p class=\"has-text-align-center\">\ud83d\ude0d\ud83d\ude0dHyv\u00e4\u00e4 kes\u00e4n alkua kaikille.\ud83d\ude0d\ud83d\ude0d<\/p>\n\n\n\n<p class=\"has-text-align-center\">#bellamassage #massage #thaimassage #hieronta #thaihieronta #jalkahieronta #niskahartiahieronta #urheiluhieronta #vantaa #tikkuri<br><\/p>\n\n\n<div class=\"wp-block-image\">\n<figure class=\"aligncenter size-full\"><img loading=\"lazy\" decoding=\"async\" width=\"673\" height=\"763\" src=\"https:\/\/www.bellamassage.fi\/wp-content\/uploads\/2025\/05\/Helatorstai-2025.jpg\" alt=\"\" class=\"wp-image-676\" srcset=\"https:\/\/www.bellamassage.fi\/wp-content\/uploads\/2025\/05\/Helatorstai-2025.jpg 673w, https:\/\/www.bellamassage.fi\/wp-content\/uploads\/2025\/05\/Helatorstai-2025-265x300.jpg 265w\" sizes=\"auto, (max-width: 673px) 100vw, 673px\" \/><\/figure><\/div>\n\n\n<p><\/p>\n","protected":false},"excerpt":{"rendered":"<p>Juhlat jatkuvat my\u00f6s vuonna 2026\ud83c\udf89; t\u00e4ll\u00e4 kertaa onnittelemme huhtikuussa syntyneit\u00e4.\ud83e\udd42\ud83c\udf82 Suosittu syntt\u00e4rikampanjamme voimassa taas koko huhtikuun ajan. Yksi tunnin hieronta asiakkaan syntt\u00e4riviikolla vain 45 eur. Varaa aikasi jo nyt. \ud83e\udd70www.bellamassage.fi &hellip; <\/p>\n","protected":false},"author":1,"featured_media":0,"parent":0,"menu_order":0,"comment_status":"closed","ping_status":"closed","template":"","meta":{"footnotes":""},"class_list":["post-215","page","type-page","status-publish","hentry"],"_links":{"self":[{"href":"https:\/\/www.bellamassage.fi\/index.php\/wp-json\/wp\/v2\/pages\/215","targetHints":{"allow":["GET"]}}],"collection":[{"href":"https:\/\/www.bellamassage.fi\/index.php\/wp-json\/wp\/v2\/pages"}],"about":[{"href":"https:\/\/www.bellamassage.fi\/index.php\/wp-json\/wp\/v2\/types\/page"}],"author":[{"embeddable":true,"href":"https:\/\/www.bellamassage.fi\/index.php\/wp-json\/wp\/v2\/users\/1"}],"replies":[{"embeddable":true,"href":"https:\/\/www.bellamassage.fi\/index.php\/wp-json\/wp\/v2\/comments?post=215"}],"version-history":[{"count":102,"href":"https:\/\/www.bellamassage.fi\/index.php\/wp-json\/wp\/v2\/pages\/215\/revisions"}],"predecessor-version":[{"id":803,"href":"https:\/\/www.bellamassage.fi\/index.php\/wp-json\/wp\/v2\/pages\/215\/revisions\/803"}],"wp:attachment":[{"href":"https:\/\/www.bellamassage.fi\/index.php\/wp-json\/wp\/v2\/media?parent=215"}],"curies":[{"name":"wp","href":"https:\/\/api.w.org\/{rel}","templated":true}]}}