{"id":339,"date":"2023-12-28T21:27:26","date_gmt":"2023-12-28T21:27:26","guid":{"rendered":"https:\/\/www.bellamassage.fi\/?page_id=339"},"modified":"2026-03-30T17:54:25","modified_gmt":"2026-03-30T17:54:25","slug":"ajankohtaista","status":"publish","type":"page","link":"https:\/\/www.bellamassage.fi\/index.php\/ajankohtaista\/","title":{"rendered":"Ajankohtaista"},"content":{"rendered":"\n<p class=\"has-text-align-center\">\ud83d\udc23\ud83d\udc24\ud83d\udc25<br>P\u00e4\u00e4si\u00e4isen\u00e4 ei paikat kolota, kun<br>Bella Massage palvelee my\u00f6s p\u00e4\u00e4si\u00e4ispyhin\u00e4 aivan normaalisti.<\/p>\n\n\n\n<p class=\"has-text-align-center\">Varmista omasi ja varaa aika Timmasta tai kotisivuiltamme jo nyt. Seuraa meit\u00e4 Facessa ja Instassa niin saat tiedot aukioloista ja kampanjoista ensimm\u00e4isten joukossa.<\/p>\n\n\n\n<p class=\"has-text-align-center\">Hyv\u00e4\u00e4 p\u00e4\u00e4si\u00e4ist\u00e4 toivottaen<br>Bella Massage \ud83d\udc23\ud83d\udc24\ud83d\udc25<br><\/p>\n\n\n<div class=\"wp-block-image\">\n<figure class=\"aligncenter size-full\"><img loading=\"lazy\" decoding=\"async\" width=\"574\" height=\"684\" src=\"https:\/\/www.bellamassage.fi\/wp-content\/uploads\/2026\/03\/Paasiainen-2026.jpg\" alt=\"\" class=\"wp-image-799\" srcset=\"https:\/\/www.bellamassage.fi\/wp-content\/uploads\/2026\/03\/Paasiainen-2026.jpg 574w, https:\/\/www.bellamassage.fi\/wp-content\/uploads\/2026\/03\/Paasiainen-2026-252x300.jpg 252w\" sizes=\"auto, (max-width: 574px) 100vw, 574px\" \/><\/figure><\/div>\n\n\n<p class=\"has-text-align-center\"><strong>Vuosi alkaa olla lopuillaan, joten on aika taas kiitt\u00e4\u00e4 kaikkia ihania asiakkaitamme \ud83e\udd70.<\/strong><\/p>\n\n\n\n<p class=\"has-text-align-center\"><strong>Iso kiitos my\u00f6s kaikista huikeista palautteista, joita olette k\u00e4yneet antamassa Timman palauteosiossa: https:\/\/timma.fi\/yritys\/bella-massage \ud83d\ude18. Palautteidenn ansiosta saavutimme Asiakkaiden Suosikki -tason \ud83c\udf1f\ud83c\udf1f\ud83c\udf1f\ud83c\udf1f\ud83c\udf1fTimma palvelussa.<\/strong><\/p>\n\n\n\n<p class=\"has-text-align-center\"><strong>Toivotamme kaikille Oikein hauskaa vuoden vaihdetta\ud83e\udd42 ja Onnellista Uutta Vuotta 2026 \u2764\ufe0f.<\/strong><\/p>\n\n\n\n<p class=\"has-text-align-center\"><strong>Uudenvuoden aattona palvelemme 10-16, Uudenvuodenp\u00e4iv\u00e4n\u00e4 olemme suljettuna, mutta Loppiaisena 6.1. palvelemme normaalisti.<\/strong><\/p>\n\n\n<div class=\"wp-block-image\">\n<figure class=\"aligncenter size-full\"><img loading=\"lazy\" decoding=\"async\" width=\"573\" height=\"720\" src=\"https:\/\/www.bellamassage.fi\/wp-content\/uploads\/2025\/12\/Uuden-vuoden-tervehdys-2025.jpg\" alt=\"\" class=\"wp-image-765\" srcset=\"https:\/\/www.bellamassage.fi\/wp-content\/uploads\/2025\/12\/Uuden-vuoden-tervehdys-2025.jpg 573w, https:\/\/www.bellamassage.fi\/wp-content\/uploads\/2025\/12\/Uuden-vuoden-tervehdys-2025-239x300.jpg 239w\" sizes=\"auto, (max-width: 573px) 100vw, 573px\" \/><\/figure><\/div>\n\n\n<p class=\"has-text-align-center\"><strong>\ud83c\udf89\ud83c\udf89\ud83c\udf89BLACK WEEK -SPECIAL \ud83c\udf89\ud83c\udf89\ud83c\udf89<\/strong><\/p>\n\n\n\n<p class=\"has-text-align-center\"><strong>Kampanja-aikana ma-la 24.-29.11.2025 kaikki tunnin hieronnat vain 45 eur. Ei rajoituksia. Kampanja voimassa my\u00f6s palveluseteleill\u00e4.<\/strong><\/p>\n\n\n\n<p class=\"has-text-align-center\"><strong>Varaa omasi jo nyt www.bellamassage.fi tai https:\/\/timma.fi\/yritys\/bella-massage<\/strong><\/p>\n\n\n\n<p class=\"has-text-align-center\"><strong>\ud83d\ude0d\ud83d\ude0dTervetuloa Bellaan\ud83d\ude0d\ud83d\ude0d<\/strong><\/p>\n\n\n\n<p class=\"has-text-align-center\"><\/p>\n\n\n\n<p><\/p>\n\n\n<div class=\"wp-block-image\">\n<figure class=\"aligncenter size-full\"><img loading=\"lazy\" decoding=\"async\" width=\"709\" height=\"808\" src=\"https:\/\/www.bellamassage.fi\/wp-content\/uploads\/2025\/11\/BlackWeek-2025.jpg\" alt=\"\" class=\"wp-image-753\" srcset=\"https:\/\/www.bellamassage.fi\/wp-content\/uploads\/2025\/11\/BlackWeek-2025.jpg 709w, https:\/\/www.bellamassage.fi\/wp-content\/uploads\/2025\/11\/BlackWeek-2025-263x300.jpg 263w\" sizes=\"auto, (max-width: 709px) 100vw, 709px\" \/><\/figure><\/div>\n\n\n<p class=\"has-text-align-center\">Eik\u00f6 kiinnosta marssi \ud83d\udc69\u200d\ud83d\udc69\u200d\ud83d\udc67\u200d\ud83d\udc67 tai brunssi\ud83e\udd42? Tule sen sijaan Bellaan hierottavaksi.<br>Bella Massage palvelee my\u00f6s Vapun p\u00e4iv\u00e4n\u00e4 aivan normaalisti.<\/p>\n\n\n\n<p class=\"has-text-align-center\">Vapun p\u00e4iv\u00e4n HURJA HINTA-SPECIAALI! Kaikki tunnin hieronnat vain 45 \u20ac.<br>Varmista omasi ja varaa aika Timmasta tai kotisivuiltamme jo nyt tuotteella VAPUN P\u00c4IV\u00c4N HIERONTA.<\/p>\n\n\n\n<p class=\"has-text-align-center\">Hyv\u00e4\u00e4 Vappua toivottaen<br>Bella Massage \ud83c\udf88\ud83c\udf89\ud83c\udf8a<br>https:\/\/timma.fi\/yritys\/bella-massage<br>www.bellamassage.fi<\/p>\n\n\n<div class=\"wp-block-image\">\n<figure class=\"aligncenter size-full\"><img loading=\"lazy\" decoding=\"async\" width=\"676\" height=\"787\" src=\"https:\/\/www.bellamassage.fi\/wp-content\/uploads\/2025\/04\/Vappu-2025-1.jpg\" alt=\"\" class=\"wp-image-669\" srcset=\"https:\/\/www.bellamassage.fi\/wp-content\/uploads\/2025\/04\/Vappu-2025-1.jpg 676w, https:\/\/www.bellamassage.fi\/wp-content\/uploads\/2025\/04\/Vappu-2025-1-258x300.jpg 258w\" sizes=\"auto, (max-width: 676px) 100vw, 676px\" \/><\/figure><\/div>\n\n\n<p><\/p>\n\n\n\n<p class=\"has-text-align-center\"><strong>*****<\/strong><\/p>\n\n\n\n<p><\/p>\n\n\n<div class=\"wp-block-image\">\n<figure class=\"aligncenter size-full\"><img loading=\"lazy\" decoding=\"async\" width=\"694\" height=\"801\" src=\"https:\/\/www.bellamassage.fi\/wp-content\/uploads\/2025\/04\/Paasiainen-2025-1.jpg\" alt=\"\" class=\"wp-image-653\" srcset=\"https:\/\/www.bellamassage.fi\/wp-content\/uploads\/2025\/04\/Paasiainen-2025-1.jpg 694w, https:\/\/www.bellamassage.fi\/wp-content\/uploads\/2025\/04\/Paasiainen-2025-1-260x300.jpg 260w\" sizes=\"auto, (max-width: 694px) 100vw, 694px\" \/><\/figure><\/div>\n\n\n<p class=\"has-text-align-center\">\ud83d\udc23\ud83d\udc24\ud83d\udc25<br>P\u00e4\u00e4si\u00e4isen\u00e4 ei paikat kolota, kun<br>Bella Massage palvelee my\u00f6s p\u00e4\u00e4si\u00e4ispyhin\u00e4 aivan normaalisti.<\/p>\n\n\n\n<p class=\"has-text-align-center\">P\u00e4\u00e4si\u00e4isen\u00e4 HURJA HINTA-SPECIAALI! Kaikki tunnin hieronnat vain 45 \u20ac.<br>Varmista omasi ja varaa aika Timmasta tai kotisivuiltamme jo nyt tuotteella P\u00c4\u00c4SI\u00c4ISHIERONTA.<\/p>\n\n\n\n<p class=\"has-text-align-center\">Hyv\u00e4\u00e4 p\u00e4\u00e4si\u00e4ist\u00e4 toivottaen<br>Bella Massage \ud83d\udc23\ud83d\udc24\ud83d\udc25<\/p>\n\n\n<div class=\"wp-block-image\">\n<figure class=\"aligncenter size-full\"><img loading=\"lazy\" decoding=\"async\" width=\"580\" height=\"706\" src=\"https:\/\/www.bellamassage.fi\/wp-content\/uploads\/2024\/12\/Uuden-vuoden-tervehdys-2024.jpg\" alt=\"\" class=\"wp-image-617\" srcset=\"https:\/\/www.bellamassage.fi\/wp-content\/uploads\/2024\/12\/Uuden-vuoden-tervehdys-2024.jpg 580w, https:\/\/www.bellamassage.fi\/wp-content\/uploads\/2024\/12\/Uuden-vuoden-tervehdys-2024-246x300.jpg 246w\" sizes=\"auto, (max-width: 580px) 100vw, 580px\" \/><\/figure><\/div>\n\n\n<p><\/p>\n\n\n\n<p class=\"has-text-align-center\"><strong>\ud83e\udd42\ud83c\udf89\ud83c\udf82NYT MY\u00d6S ILTA-AIKOJA TIKKURIIN!!!\ud83e\udd42\ud83c\udf89\ud83c\udf82<\/strong><\/p>\n\n\n\n<p class=\"has-text-align-center\"><strong>Syyskuun alusta alkaen Timmassa voit varata Tikkuriin hierontoja arkisin klo 20:00 asti. Mik\u00e4li varauksia ei ole tehty kunakin p\u00e4iv\u00e4n\u00e4 klo 17:00 menness\u00e4, illan varauskalenteri sulkeutuu ja suljemme liikkeen normaalisti klo 18:00.<\/strong><\/p>\n\n\n\n<p class=\"has-text-align-center\"><strong>\ud83d\ude0d\ud83d\ude0dTee varauksesi hyviss\u00e4 ajoin, vaikka jo edelt\u00e4v\u00e4n\u00e4 p\u00e4iv\u00e4n\u00e4.\ud83d\ude0d\ud83d\ude0d<\/strong><\/p>\n\n\n\n<p class=\"has-text-align-center\"><strong>****<\/strong><\/p>\n\n\n\n<p><\/p>\n\n\n\n<p class=\"has-text-align-center\"><strong>Yleinen alv prosentti nousi 1.9.2024 24 prosentista 25,5 prosenttiin. Bella Massagessa hinnat eiv\u00e4t muutu alv-muutoksen takia. Koskee sek\u00e4 normaali, ett\u00e4 kampanjahintoja.<\/strong><\/p>\n\n\n\n<p><\/p>\n\n\n\n<p class=\"has-text-align-center\">\ud83e\udd42\ud83c\udf89\ud83c\udf82<strong>BELLA MASSAGE INFLAATIOTA VASTAAN MY\u00d6S VUONNA 2025<\/strong> \ud83e\udd42\ud83c\udf89\ud83c\udf82<\/p>\n\n\n\n<p class=\"has-text-align-center\"><strong>Helmikuussakin kaikki tunnin hieronnat vain 50 eur. <\/strong><\/p>\n\n\n\n<p class=\"has-text-align-center\"><strong>Ei rajoituksia. Kampanja voimassa my\u00f6s palveluseteleill\u00e4.<\/strong><\/p>\n\n\n\n<p class=\"has-text-align-center\">\ud83d\ude0d\ud83d\ude0d<strong>Tule vaikka joka p\u00e4iv\u00e4.<\/strong>\ud83d\ude0d\ud83d\ude0d<\/p>\n\n\n<div class=\"wp-block-image\">\n<figure class=\"aligncenter size-full\"><img loading=\"lazy\" decoding=\"async\" width=\"583\" height=\"714\" src=\"https:\/\/www.bellamassage.fi\/wp-content\/uploads\/2025\/01\/Peruskampanja-2_2025-1.jpg\" alt=\"\" class=\"wp-image-629\" srcset=\"https:\/\/www.bellamassage.fi\/wp-content\/uploads\/2025\/01\/Peruskampanja-2_2025-1.jpg 583w, https:\/\/www.bellamassage.fi\/wp-content\/uploads\/2025\/01\/Peruskampanja-2_2025-1-245x300.jpg 245w\" sizes=\"auto, (max-width: 583px) 100vw, 583px\" \/><\/figure><\/div>\n\n\n<p><\/p>\n\n\n\n<p class=\"has-text-align-center\"><strong>*******<\/strong><\/p>\n\n\n\n<p class=\"has-text-align-center\"><strong>NYT SAATAVANA MY\u00d6S TYYLIKK\u00c4IT\u00c4 LAHJAKORTTEJA SUORAAN TIKKURIN LIIKKEEST\u00c4MME TAI KOTISTUDIOLTAMME (kuva alla)<\/strong><\/p>\n\n\n\n<p class=\"has-text-align-center\"><\/p>\n\n\n<div class=\"wp-block-image\">\n<figure class=\"aligncenter size-full\"><img loading=\"lazy\" decoding=\"async\" width=\"802\" height=\"750\" src=\"https:\/\/www.bellamassage.fi\/wp-content\/uploads\/2024\/09\/Lahjakortti-30092024-1.jpg\" alt=\"\" class=\"wp-image-566\" srcset=\"https:\/\/www.bellamassage.fi\/wp-content\/uploads\/2024\/09\/Lahjakortti-30092024-1.jpg 802w, https:\/\/www.bellamassage.fi\/wp-content\/uploads\/2024\/09\/Lahjakortti-30092024-1-300x281.jpg 300w, https:\/\/www.bellamassage.fi\/wp-content\/uploads\/2024\/09\/Lahjakortti-30092024-1-768x718.jpg 768w\" sizes=\"auto, (max-width: 802px) 100vw, 802px\" \/><\/figure><\/div>\n\n\n<p class=\"has-text-align-center\"><strong>****<\/strong><\/p>\n\n\n\n<p class=\"has-text-align-center\"><strong>Nyt thaimaalaisen hierontapatjan alla tukeva korotettu alusta, joka helpottaa patjalle menoa ja siit\u00e4 nousemista.<\/strong><\/p>\n\n\n\n<p><\/p>\n\n\n<div class=\"wp-block-image\">\n<figure class=\"aligncenter size-large\"><img loading=\"lazy\" decoding=\"async\" width=\"1024\" height=\"768\" src=\"https:\/\/www.bellamassage.fi\/wp-content\/uploads\/2024\/07\/Uusittu-hierontataso-1-25072024-1024x768.jpg\" alt=\"\" class=\"wp-image-517\" srcset=\"https:\/\/www.bellamassage.fi\/wp-content\/uploads\/2024\/07\/Uusittu-hierontataso-1-25072024-1024x768.jpg 1024w, https:\/\/www.bellamassage.fi\/wp-content\/uploads\/2024\/07\/Uusittu-hierontataso-1-25072024-300x225.jpg 300w, https:\/\/www.bellamassage.fi\/wp-content\/uploads\/2024\/07\/Uusittu-hierontataso-1-25072024-768x576.jpg 768w, https:\/\/www.bellamassage.fi\/wp-content\/uploads\/2024\/07\/Uusittu-hierontataso-1-25072024-640x480.jpg 640w, https:\/\/www.bellamassage.fi\/wp-content\/uploads\/2024\/07\/Uusittu-hierontataso-1-25072024-110x83.jpg 110w, https:\/\/www.bellamassage.fi\/wp-content\/uploads\/2024\/07\/Uusittu-hierontataso-1-25072024.jpg 1448w\" sizes=\"auto, (max-width: 1024px) 100vw, 1024px\" \/><\/figure><\/div>\n\n<div class=\"wp-block-image\">\n<figure class=\"aligncenter size-large\"><img loading=\"lazy\" decoding=\"async\" width=\"1024\" height=\"768\" src=\"https:\/\/www.bellamassage.fi\/wp-content\/uploads\/2024\/07\/Uusi-hierontataso-1-1024x768.jpg\" alt=\"\" class=\"wp-image-518\" srcset=\"https:\/\/www.bellamassage.fi\/wp-content\/uploads\/2024\/07\/Uusi-hierontataso-1-1024x768.jpg 1024w, https:\/\/www.bellamassage.fi\/wp-content\/uploads\/2024\/07\/Uusi-hierontataso-1-300x225.jpg 300w, https:\/\/www.bellamassage.fi\/wp-content\/uploads\/2024\/07\/Uusi-hierontataso-1-768x576.jpg 768w, https:\/\/www.bellamassage.fi\/wp-content\/uploads\/2024\/07\/Uusi-hierontataso-1-640x480.jpg 640w, https:\/\/www.bellamassage.fi\/wp-content\/uploads\/2024\/07\/Uusi-hierontataso-1-110x83.jpg 110w, https:\/\/www.bellamassage.fi\/wp-content\/uploads\/2024\/07\/Uusi-hierontataso-1.jpg 1448w\" sizes=\"auto, (max-width: 1024px) 100vw, 1024px\" \/><\/figure><\/div>\n\n\n<p><\/p>\n\n\n\n<p><\/p>\n\n\n\n<p><\/p>\n\n\n\n<p><\/p>\n","protected":false},"excerpt":{"rendered":"<p>\ud83d\udc23\ud83d\udc24\ud83d\udc25P\u00e4\u00e4si\u00e4isen\u00e4 ei paikat kolota, kunBella Massage palvelee my\u00f6s p\u00e4\u00e4si\u00e4ispyhin\u00e4 aivan normaalisti. Varmista omasi ja varaa aika Timmasta tai kotisivuiltamme jo nyt. Seuraa meit\u00e4 Facessa ja Instassa niin saat tiedot aukioloista &hellip; <\/p>\n","protected":false},"author":1,"featured_media":0,"parent":0,"menu_order":0,"comment_status":"closed","ping_status":"closed","template":"","meta":{"footnotes":""},"class_list":["post-339","page","type-page","status-publish","hentry"],"_links":{"self":[{"href":"https:\/\/www.bellamassage.fi\/index.php\/wp-json\/wp\/v2\/pages\/339","targetHints":{"allow":["GET"]}}],"collection":[{"href":"https:\/\/www.bellamassage.fi\/index.php\/wp-json\/wp\/v2\/pages"}],"about":[{"href":"https:\/\/www.bellamassage.fi\/index.php\/wp-json\/wp\/v2\/types\/page"}],"author":[{"embeddable":true,"href":"https:\/\/www.bellamassage.fi\/index.php\/wp-json\/wp\/v2\/users\/1"}],"replies":[{"embeddable":true,"href":"https:\/\/www.bellamassage.fi\/index.php\/wp-json\/wp\/v2\/comments?post=339"}],"version-history":[{"count":43,"href":"https:\/\/www.bellamassage.fi\/index.php\/wp-json\/wp\/v2\/pages\/339\/revisions"}],"predecessor-version":[{"id":800,"href":"https:\/\/www.bellamassage.fi\/index.php\/wp-json\/wp\/v2\/pages\/339\/revisions\/800"}],"wp:attachment":[{"href":"https:\/\/www.bellamassage.fi\/index.php\/wp-json\/wp\/v2\/media?parent=339"}],"curies":[{"name":"wp","href":"https:\/\/api.w.org\/{rel}","templated":true}]}}